{"id":2112,"date":"2024-07-26T03:07:56","date_gmt":"2024-07-26T03:07:56","guid":{"rendered":"https:\/\/decoraangeles.com\/tienda\/?post_type=product&#038;p=2112"},"modified":"2024-10-01T16:28:13","modified_gmt":"2024-10-01T16:28:13","slug":"mueble-15","status":"publish","type":"product","link":"https:\/\/decoraangeles.com\/tienda\/producto\/mueble-15\/","title":{"rendered":"Sof\u00e1 Catalina Juego de sofas de 3 y 2 asientos"},"content":{"rendered":"<p align=\"justify\">\n<b>Caracter\u00edsticas:<\/b><\/p>\n<p>&#8211; <b>Material:<\/b> Tapizado en tela  linl de alta calidad en color blanco, f\u00e1cil de limpiar y mantener.<br \/>\n&#8211; <b>Estructura:<\/b>  madera S\u00f3lida y   con patas de acero inoxidable brillante   que aseguran durabilidad y estabilidad.<br \/>\n&#8211; <b>Dise\u00f1o:<\/b> Estilo contempor\u00e1neo con l\u00edneas limpias y costuras verticales en el respaldo que a\u00f1aden un detalle de textura y profundidad.Brazos redondos<br \/>\n&#8211; <b>Dimensiones:<\/b>         3 cuerpos: 230\u00d785\u00d778                 2cuerpos :175\u00d785\u00d778.                      4 cuerpos :                     260\u00d785\u00d778<\/p>\n","protected":false},"excerpt":{"rendered":"<p align=\"justify\">\nPresentamos nuestro sof\u00e1 de dise\u00f1o moderno, perfecto para a\u00f1adir un toque de elegancia y sofisticaci\u00f3n a cualquier espacio. Con su tapizado en tela blanca de alta calidad y detalles de costura vertical, este sof\u00e1 no solo es un placer para la vista, sino tambi\u00e9n para el uso diario, ofreciendo confort y estilo en igual medida.Tiempo de entrega : de 15 a 20  dias . Envios a nivel nacional . Garantia 2  a\u00f1os<\/p>\n","protected":false},"featured_media":2113,"comment_status":"closed","ping_status":"closed","template":"","meta":{"_uag_custom_page_level_css":"","site-sidebar-layout":"default","site-content-layout":"","ast-site-content-layout":"default","site-content-style":"default","site-sidebar-style":"default","ast-global-header-display":"","ast-banner-title-visibility":"","ast-main-header-display":"","ast-hfb-above-header-display":"","ast-hfb-below-header-display":"","ast-hfb-mobile-header-display":"","site-post-title":"","ast-breadcrumbs-content":"","ast-featured-img":"","footer-sml-layout":"","theme-transparent-header-meta":"default","adv-header-id-meta":"","stick-header-meta":"","header-above-stick-meta":"","header-main-stick-meta":"","header-below-stick-meta":"","astra-migrate-meta-layouts":"set","ast-page-background-enabled":"default","ast-page-background-meta":{"desktop":{"background-color":"","background-image":"","background-repeat":"repeat","background-position":"center center","background-size":"auto","background-attachment":"scroll","background-type":"","background-media":"","overlay-type":"","overlay-color":"","overlay-opacity":"","overlay-gradient":""},"tablet":{"background-color":"","background-image":"","background-repeat":"repeat","background-position":"center center","background-size":"auto","background-attachment":"scroll","background-type":"","background-media":"","overlay-type":"","overlay-color":"","overlay-opacity":"","overlay-gradient":""},"mobile":{"background-color":"","background-image":"","background-repeat":"repeat","background-position":"center center","background-size":"auto","background-attachment":"scroll","background-type":"","background-media":"","overlay-type":"","overlay-color":"","overlay-opacity":"","overlay-gradient":""}},"ast-content-background-meta":{"desktop":{"background-color":"var(--ast-global-color-5)","background-image":"","background-repeat":"repeat","background-position":"center center","background-size":"auto","background-attachment":"scroll","background-type":"","background-media":"","overlay-type":"","overlay-color":"","overlay-opacity":"","overlay-gradient":""},"tablet":{"background-color":"var(--ast-global-color-5)","background-image":"","background-repeat":"repeat","background-position":"center center","background-size":"auto","background-attachment":"scroll","background-type":"","background-media":"","overlay-type":"","overlay-color":"","overlay-opacity":"","overlay-gradient":""},"mobile":{"background-color":"var(--ast-global-color-5)","background-image":"","background-repeat":"repeat","background-position":"center center","background-size":"auto","background-attachment":"scroll","background-type":"","background-media":"","overlay-type":"","overlay-color":"","overlay-opacity":"","overlay-gradient":""}}},"product_cat":[23],"product_tag":[31],"class_list":{"0":"post-2112","1":"product","2":"type-product","3":"status-publish","4":"has-post-thumbnail","6":"product_cat-sofas","7":"product_tag-muebles","8":"desktop-align-left","9":"tablet-align-left","10":"mobile-align-left","12":"first","13":"instock","14":"taxable","15":"shipping-taxable","16":"purchasable","17":"product-type-simple"},"uagb_featured_image_src":{"full":["https:\/\/decoraangeles.com\/tienda\/wp-content\/uploads\/2024\/07\/SOFA-5.jpg",1024,1024,false],"thumbnail":["https:\/\/decoraangeles.com\/tienda\/wp-content\/uploads\/2024\/07\/SOFA-5-150x150.jpg",150,150,true],"medium":["https:\/\/decoraangeles.com\/tienda\/wp-content\/uploads\/2024\/07\/SOFA-5-300x300.jpg",300,300,true],"medium_large":["https:\/\/decoraangeles.com\/tienda\/wp-content\/uploads\/2024\/07\/SOFA-5-768x768.jpg",768,768,true],"large":["https:\/\/decoraangeles.com\/tienda\/wp-content\/uploads\/2024\/07\/SOFA-5.jpg",1024,1024,false],"1536x1536":["https:\/\/decoraangeles.com\/tienda\/wp-content\/uploads\/2024\/07\/SOFA-5.jpg",1024,1024,false],"2048x2048":["https:\/\/decoraangeles.com\/tienda\/wp-content\/uploads\/2024\/07\/SOFA-5.jpg",1024,1024,false],"woocommerce_thumbnail":["https:\/\/decoraangeles.com\/tienda\/wp-content\/uploads\/2024\/07\/SOFA-5-300x300.jpg",300,300,true],"woocommerce_single":["https:\/\/decoraangeles.com\/tienda\/wp-content\/uploads\/2024\/07\/SOFA-5-600x600.jpg",600,600,true],"woocommerce_gallery_thumbnail":["https:\/\/decoraangeles.com\/tienda\/wp-content\/uploads\/2024\/07\/SOFA-5-100x100.jpg",100,100,true]},"uagb_author_info":{"display_name":"admin","author_link":"https:\/\/decoraangeles.com\/tienda\/author\/"},"uagb_comment_info":0,"uagb_excerpt":"Presentamos nuestro sof\u00e1 de dise\u00f1o moderno, perfecto para a\u00f1adir un toque de elegancia y sofisticaci\u00f3n a cualquier espacio. Con su tapizado en tela blanca de alta calidad y detalles de costura vertical, este sof\u00e1 no solo es un placer para la vista, sino tambi\u00e9n para el uso diario, ofreciendo confort y estilo en igual medida.Tiempo&hellip;","_links":{"self":[{"href":"https:\/\/decoraangeles.com\/tienda\/wp-json\/wp\/v2\/product\/2112"}],"collection":[{"href":"https:\/\/decoraangeles.com\/tienda\/wp-json\/wp\/v2\/product"}],"about":[{"href":"https:\/\/decoraangeles.com\/tienda\/wp-json\/wp\/v2\/types\/product"}],"replies":[{"embeddable":true,"href":"https:\/\/decoraangeles.com\/tienda\/wp-json\/wp\/v2\/comments?post=2112"}],"wp:featuredmedia":[{"embeddable":true,"href":"https:\/\/decoraangeles.com\/tienda\/wp-json\/wp\/v2\/media\/2113"}],"wp:attachment":[{"href":"https:\/\/decoraangeles.com\/tienda\/wp-json\/wp\/v2\/media?parent=2112"}],"wp:term":[{"taxonomy":"product_cat","embeddable":true,"href":"https:\/\/decoraangeles.com\/tienda\/wp-json\/wp\/v2\/product_cat?post=2112"},{"taxonomy":"product_tag","embeddable":true,"href":"https:\/\/decoraangeles.com\/tienda\/wp-json\/wp\/v2\/product_tag?post=2112"}],"curies":[{"name":"wp","href":"https:\/\/api.w.org\/{rel}","templated":true}]}}